n base 6, what is 103 - 44503452?
-44503345
In base 15, what is -2 + -a4e869?
-a4e86b
In base 3, what is 2 + 21221112221002?
21221112221011
In base 3, what is -11 - 2200100200211002?
-2200100200211020
In base 7, what is 3 + 54631520?
54631523
In base 16, what is -16920 + 7d?
-168a3
In base 16, what is a59f9 - 49?
a59b0
In base 2, what is 10000101110111 + 101010101?
10001011001100
In base 7, what is 341155 + -204?
340651
In base 9, what is -172 - -575848?
575666
In base 7, what is -1115454310 - -3?
-1115454304
In base 3, what is -201011 + 2020111?
1112100
In base 14, what is 4da75c30 + 1?
4da75c31
In base 14, what is 1b8bd46 - 1?
1b8bd45
In base 15, what is -64787 + 314?
-64473
In base 10, what is -271501388 + 0?
-271501388
In base 11, what is -8546a9 + 1?
-8546a8
In base 3, what is 1021122 - -10200102212?
10201201111
In base 3, what is 11210 - 1022101210?
-1022020000
In base 14, what is 169584 + 18?
16959c
In base 14, what is 29248 + -2025?
27223
In base 6, what is -205525330 + -1?
-205525331
In base 4, what is 1312213 + 1021031?
2333310
In base 4, what is -1223 + -3301203222?
-3301211111
In base 14, what is -14 + 62ad55?
62ad41
In base 7, what is -216454 + 3454?
-213000
In base 12, what is 12 + -300072?
-300060
In base 9, what is -4 - -60815?
60811
In base 15, what is -1a7c6 - -4?
-1a7c2
In base 7, what is -1024102 - 114?
-1024216
In base 9, what is 350330 - 558?
348661
In base 3, what is 102110 + -1121020020?
-1120210210
In base 10, what is 5 - 50859030?
-50859025
In base 8, what is -11 - -2176211?
2176200
In base 5, what is -224221 - 230001?
-1004222
In base 8, what is 10 - -15701600?
15701610
In base 7, what is 536 + -5660030?
-5656161
In base 12, what is -1471 + -24739?
-25baa
In base 6, what is 10 - 431255?
-431245
In base 8, what is -22536 - -61622?
37064
In base 14, what is 249c8 - -4389?
28d73
In base 6, what is 24412551 + -1004?
24411543
In base 4, what is -120011 + -1313202322?
-1313322333
In base 3, what is -1110202110021111 + -11?
-1110202110021122
In base 14, what is -3 + 3351c67?
3351c64
In base 7, what is -444563 + -53?
-444646
In base 7, what is 1261450323 + -14?
1261450306
In base 15, what is -5 - -603be55?
603be50
In base 4, what is -32103203311 - -320?
-32103202331
In base 9, what is 2213 + -36627?
-34414
In base 4, what is -112021123 - -20030?
-112001033
In base 5, what is -3011410004441 - -10?
-3011410004431
In base 3, what is 2002110221110020 - 11?
2002110221110002
In base 11, what is -95374 - -43a?
-94a35
In base 7, what is -124436 + 21646?
-102460
In base 12, what is -15 - -2845920?
2845907
In base 7, what is -4 + -25431455?
-25431462
In base 14, what is -b382 + -94?
-b436
In base 13, what is 6b3 + 511?
bc4
In base 3, what is -21222001102 + -11111101?
-22010112210
In base 16, what is -909 + -ef7a?
-f883
In base 4, what is 100030 + 103010?
203100
In base 3, what is -10 + -100020000202020201?
-100020000202020211
In base 2, what is -1100000101 + 11011100100?
1111011111
In base 7, what is -13661513 + 63?
-13661420
In base 14, what is 3 + a6866b?
a68670
In base 8, what is 2142434 + -4?
2142430
In base 4, what is -333130 + -101?
-333231
In base 3, what is -202210012100010 + -122?
-202210012100202
In base 15, what is 27d + -6b644?
-6b3b6
In base 12, what is 231042 + a?
231050
In base 11, what is -7284 + -7511?
-13795
In base 8, what is 564632 + 410?
565242
In base 7, what is -116505 - -131?
-116344
In base 16, what is -5289a - e6?
-52980
In base 3, what is 201020212220101110 + 0?
201020212220101110
In base 4, what is 201232200101 - 11?
201232200030
In base 8, what is -36 - 1551205?
-1551243
In base 2, what is -1110000111011110110 + 1?
-1110000111011110101
In base 13, what is 4897247b - -4?
48972482
In base 12, what is 5621 + -336a?
2273
In base 12, what is -6747 + -1b?
-6766
In base 8, what is -353714730 - 11?
-353714741
In base 2, what is -101011001101100000101111000 - -101?
-101011001101100000101110011
In base 15, what is -249e41 + 41?
-249e00
In base 9, what is -311446 + -2184?
-313641
In base 10, what is -7374501 + 0?
-7374501
In base 6, what is -2552022450 - 5?
-2552022455
In base 4, what is 3330 - 33311311?
-33301321
In base 2, what is -100 + 10000011101110110000?
10000011101110101100
In base 15, what is 7dd + -1789c?
-170ae
In base 12, what is -696b - -3a35?
-2b36
In base 6, what is -504514 - -13211?
-451303
In base 13, what is 4 + 32c28ca1?
32c28ca5
In base 15, what is 2dc48a + 0?
2dc48a
In base 10, what is 131 - 15200?
-15069
In base 6, what is 21 - 250155141?
-250155120
In base 5, what is -1003311 + 24420?
-423341
In base 4, what is 30 - 10311301102?
-10311301012
In base 5, what is -31 + -114102210?
-114102241
In base 5, what is 1242011 + 310?
1242321
In base 6, what is -202440 - -25?
-202411
In base 11, what is 5834 + -20094?
-15360
In base 8, what is -1217555 + 1263?
-1216272
In base 16, what is -30db3 - 90?
-30e43
In base 5, what is 132411014 - 132?
132410332
In base 2, what is -101100111111011110 + 11101110?
-101100111011110000
In base 5, what is -4102443344 - -11?
-4102443333
In base 5, what is 10011 - 1121324?
-1111313
In base 4, what is 32233022 - -111001?
33010023
In base 9, what is 4214 + 1081?
5305
In base 8, what is -166114 - 317?
-166433
In base 14, what is 4 + -48ba64?
-48ba60
In base 4, what is -3202 - -111302311?
111233103
In base 10, what is 3 - 1228313?
-1228310
In base 12, what is -13a2239b - 0?
-13a2239b
In base 5, what is -3314 + 131440030?
131431211
In base 16, what is 21c8d60d - 2?
21c8d60b
In base 9, what is 5 + 2523721?
2523726
In base 5, what is -13 + 20412021220?
20412021202
In base 7, what is 32 - 2652306?
-2652244
In base 9, what is -3307 - -551726?
547418
In base 11, what is 4657893 - 71?
4657822
In base 9, what is 4 + -20217825?
-20217821
In base 9, what is 244815 - -125?
245041
In base 9, what is 857077 + 653?
857741
In base 8, what is 661 + 6166?
7047
In base 6, what is 231031 - 1?
231030
In base 10, what is -3170 + -4767?
-7937
In base 4, what is -1 + -20123303020?
-20123303021
In base 2, what is -1101000001010001000 + 111100001?
-1101000000010100111
In base 5, what is -243 + 20000013?
14444220
In base 15, what is -537 + 123d2?
11d9a
In base 15, what is -8d0 + -1e77?
-2857
In base 3, what is -10001000002 + -21100?
-10001021102
In base 13, what is -8854 + -6c4?
-9248
In base 4, what is 3 + 12102223031?
12102223100
In base 16, what is -199ffa + -6?
-19a000
In base 9, what is 6341877300 + 2?
6341877302
In base 12, what is 426 + -6b102?
-6a898
In base 5, what is 124324301312 - 3?
124324301304
In base 11, what is 4 - 1744982?
-1744979
In base 16, what is 1540 + c0ae?
d5ee
In base 15, what is 4d51a - -21?
4d53b
In base 12, what is -10 + -13161?
-13171
In base 9, what is 1851253 + 37?
1851301
In base 9, what is 0 - -208664886?
208664886
In base 7, what is -431 - 4151?
-4612
In base 6, what is 13 + -4304315?
-4304302
In base 13, what is -842 - -4293?
3751
In base 7, what is -20361 + 33341?
12650
In base 5, what is -1030411 + -43221?
-1124132
In base 9, what is 2458071 + -14?
2458056
In base 13, what is 1 - -b3a41cc?
b3a4200
In base 2, what is -1001001001001100001 - -1111111?
-1001001000111100010
In base 13, what is 9311 - 1c1?
9120
In base 10, what is -2 + 29076937?
29076935
In base 11, what is 120399 - -606?
1209a4
In base 10, what is -244 - -292012?
291768
In base 10, what is -2864 + -13?
-2877
In base 16, what is 8 - 14f885?
-14f87d
In base 7, what is 36 - -6452121?
6452160
In base 3, what is -121100220202 - 1121021?
-121102112000
In base 14, what is 837b9 - -d60?
84739
In base 16, what is 27c9616d - 5?
27c96168
In base 2, what is -101 - 101111100100110010?
-101111100100110111
In base 15, what is -3 + 1b6d8ab?
1b6d8a8
In base 14, what is -2867a791 + -1?
-2867a792
In base 10, what is -26968 - -450?
-26518
In base 3, what is 11000211222 - -1102?
11000220101
In base 12, what is -3 - -12237266?
12237263
In base 7, what is 3303515 - 36?
3303446
In base 12, what is -512 + -85871?
-86183
In base 15, what is 5db - -472c?
4d18
In base 6, what is -221322 + 10044?
-211234
In base 5, what is 40132200240 - 10?
40132200230
In base 4, what is -3 - -1232113210?
1232113201
In base 16, what is -32 + -1f386b?
-1f389d
In base 4, what is -32203 + 2020202?
1321333
In base 7, what is -120 + 4612263?
461214